 common factor of 4819 and 5767?
79
What is the greatest common factor of 88690 and 50?
10
What is the highest common factor of 1048 and 46243?
131
Calculate the greatest common divisor of 51 and 37349.
17
What is the greatest common factor of 1029 and 21588?
21
Calculate the greatest common divisor of 13455 and 621.
207
Calculate the greatest common factor of 9072 and 176.
16
What is the highest common factor of 164 and 1354148?
164
Calculate the greatest common factor of 156 and 8448.
12
Calculate the highest common divisor of 13880 and 161702.
694
What is the greatest common factor of 27775 and 8129?
11
Calculate the highest common divisor of 381552 and 48.
48
What is the highest common divisor of 860 and 602?
86
Calculate the greatest common divisor of 159 and 3093.
3
Calculate the highest common factor of 217 and 435995.
7
Calculate the highest common divisor of 2780 and 5345.
5
Calculate the highest common divisor of 51728 and 100912.
848
What is the greatest common factor of 496805 and 1675?
335
Calculate the greatest common divisor of 378 and 314334.
54
What is the highest common factor of 1356 and 54132?
12
Calculate the greatest common factor of 654610 and 4328.
1082
What is the greatest common factor of 1208880 and 1150?
230
What is the highest common factor of 13 and 4909?
1
What is the highest common factor of 607875 and 45?
15
What is the highest common factor of 107658 and 18?
18
Calculate the highest common factor of 3168 and 2024.
88
Calculate the greatest common factor of 3973 and 141984.
29
What is the greatest common factor of 460 and 6539820?
460
Calculate the highest common divisor of 3660 and 4085292.
732
Calculate the greatest common factor of 2941306 and 34.
34
Calculate the highest common divisor of 68024 and 154.
22
What is the greatest common divisor of 66 and 189101?
11
What is the highest common factor of 67 and 546?
1
What is the highest common divisor of 155339 and 60992?
953
What is the highest common divisor of 232 and 76966?
58
Calculate the greatest common divisor of 9176 and 4144.
296
What is the greatest common factor of 328800 and 15?
15
What is the highest common divisor of 960126 and 816?
102
What is the highest common divisor of 198 and 15858?
18
What is the greatest common factor of 6 and 445218?
6
Calculate the highest common divisor of 237061 and 1265.
253
What is the highest common factor of 1263 and 39995?
421
What is the highest common divisor of 126 and 1582146?
18
What is the greatest common factor of 2641044 and 36?
12
What is the highest common divisor of 416 and 51818?
26
What is the greatest common factor of 428 and 237647?
107
What is the greatest common divisor of 205809 and 93?
93
What is the highest common factor of 18422 and 3624?
302
Calculate the greatest common factor of 29 and 80939.
29
Calculate the highest common divisor of 1012 and 7728.
92
What is the greatest common divisor of 34175 and 1025?
25
Calculate the greatest common factor of 1639442 and 147.
49
Calculate the greatest common factor of 4366479 and 39.
39
What is the highest common factor of 18156 and 1632?
204
Calculate the greatest common divisor of 240 and 9570.
30
Calculate the greatest common factor of 6 and 422.
2
Calculate the greatest common factor of 6925 and 14225.
25
Calculate the greatest common factor of 228 and 75791.
19
Calculate the greatest common factor of 36 and 6518.
2
Calculate the greatest common factor of 175 and 15350.
25
What is the greatest common divisor of 6195 and 315?
105
Calculate the greatest common divisor of 178879 and 5989.
113
What is the greatest common factor of 2143848 and 98?
98
What is the greatest common factor of 8364 and 42?
6
Calculate the highest common divisor of 69642 and 4818.
438
What is the greatest common factor of 2912 and 30368?
416
What is the greatest common divisor of 93357 and 23?
23
What is the highest common divisor of 24674 and 3718?
338
Calculate the highest common factor of 352424 and 8.
8
What is the greatest common factor of 80 and 52760?
40
Calculate the greatest common factor of 9102 and 1681.
41
Calculate the highest common divisor of 155 and 65999.
31
What is the highest common divisor of 222507 and 246?
123
What is the highest common divisor of 950 and 309225?
475
Calculate the highest common divisor of 913224 and 4056.
312
What is the highest common factor of 2526874 and 14?
14
What is the greatest common divisor of 10116 and 1224?
36
Calculate the greatest common divisor of 403 and 2046.
31
Calculate the greatest common divisor of 13200 and 133800.
600
Calculate the greatest common factor of 5893 and 830.
83
Calculate the greatest common divisor of 61 and 2154703.
61
What is the greatest common factor of 7552 and 45548?
236
Calculate the greatest common factor of 992 and 752.
16
What is the highest common divisor of 1351915 and 5715?
635
What is the greatest common factor of 59 and 14278?
59
What is the highest common divisor of 122 and 180743?
61
Calculate the greatest common divisor of 196 and 3586457.
49
Calculate the highest common factor of 93 and 40083.
93
What is the greatest common divisor of 5055 and 705?
15
Calculate the highest common divisor of 125498 and 2096.
262
Calculate the greatest common divisor of 502096 and 14.
14
Calculate the highest common factor of 191 and 636.
1
Calculate the highest common divisor of 37214 and 7281.
809
Calculate the greatest common factor of 35 and 1061655.
35
What is the highest common divisor of 96 and 944544?
96
Calculate the highest common divisor of 11 and 273966.
11
Calculate the greatest common divisor of 11816 and 304.
8
Calculate the greatest common divisor of 8538 and 402.
6
Calculate the greatest common divisor of 24832 and 2.
2
Calculate the highest common divisor of 666 and 1128.
6
Calculate the highest common factor of 22336 and 8027.
349
What is the greatest common divisor of 46501 and 9709?
511
What is the highest common divisor of 123750 and 36?
18
What is the highest common divisor of 85 and 46105?
5
Calculate the greatest common factor of 269545 and 370.
185
What is the highest common divisor of 1818 and 1386629?
101
Calculate the greatest common divisor of 22575 and 77056.
301
Calculate the highest common factor of 171 and 390393.
171
What is the highest common divisor of 110 and 3762?
22
What is the greatest common factor of 171458 and 1324?
662
What is the highest common factor of 62 and 2121206?
62
What is the greatest common divisor of 1364 and 10354?
62
What is the highest common divisor of 284 and 266108?
284
Calculate the highest common divisor of 9270 and 792.
18
Calculate the highest common factor of 1585 and 78616.
317
What is the greatest common factor of 290 and 920170?
290
Calculate the greatest common factor of 43 and 785051.
43
What is the highest common factor of 16481059 and 79?
79
What is the greatest common divisor of 1644 and 37500?
12
Calculate the greatest common factor of 5060 and 111964.
92
Calculate the highest common divisor of 1025 and 97025.
25
Calculate the highest common factor of 17214 and 87882.
906
Calculate the greatest common factor of 1887 and 28713.
51
Calculate the highest common factor of 233935 and 26.
13
What is the greatest common divisor of 13 and 191087?
13
What is the highest common factor of 5516498 and 38?
38
Calculate the highest common divisor of 112 and 377588.
4
What is the highest common factor of 6055355 and 905?
905
What is the greatest common factor of 166531 and 7601?
691
What is the greatest common factor of 2724 and 7037?
227
Calculate the greatest common factor of 12 and 80852.
4
What is the greatest common factor of 800 and 52384?
32
Calculate the greatest common factor of 64229 and 22.
11
Calculate the highest common divisor of 2945415 and 11.
11
Calculate the greatest common factor of 49 and 112525.
7
Calculate the greatest common divisor of 5859 and 3186.
27
Calculate the highest common divisor of 195942 and 2346.
102
What is the greatest common divisor of 45967 and 774?
43
Calculate the highest common divisor of 56 and 1575752.
8
What is the greatest common divisor of 862 and 61202?
862
Calculate the highest common divisor of 216 and 106728.
24
Calculate the highest common factor of 407538 and 54.
54
Calculate the gre